False
Let c be (-6)/(-12)*0/(-1). Suppose 2*o - 913 = -3*u - c*u, -898 = -2*o + 2*u. Is 26 a factor of o?
False
Let d(j) = 20*j + 9. Let s be d(1). Let p = 709 - s. Does 68 divide p?
True
Let c(j) = -10*j + 20. Let p be c(2). Suppose p = 226*v - 211*v - 5145. Does 8 divide v?
False
Suppose 0 = 2*g + 160 + 110. Let k = g - -183. Does 2 divide k?
True
Let r(x) be the first derivative of 1/4*x**4 - 38 - 42*x + 5*x**2 + 7*x**3. Is 31 a factor of r(-20)?
False
Let t(k) = -8*k**3 + 44582*k**2 + 31*k - 2 - 3 - 44576*k**2. Is 53 a factor of t(-4)?
False
Let y(x) = 173*x**2 + 4*x - 7. Let j be y(2). Suppose 0 = -4*v - 3*v + j. Suppose g + 4*g - 5*c = 535, -v = -g - 3*c. Is 21 a factor of g?
True
Suppose -33038 = -4*g - 3*l + 21855, 4*g - 54933 = 5*l. Is g a multiple of 41?
False
Let u(i) = i**3 - 78*i**2 + 151*i + 362. Does 22 divide u(76)?
True
Does 14 divide 13376 - (-3 - 4 - (-16 + 5 - 2))?
True
Suppose 5*o - 430 = 3*x, 3*o + 172 = 5*o + x. Let d = o - 81. Suppose d*j = u + 589, 5*j - 645 = 3*u - 48. Is j a multiple of 39?
True
Suppose -2*z + 12*s + 12910 = 4628, -3*s = 4*z - 16483. Does 115 divide z?
False
Let y = -67 - -63. Let d be (5 + 0 + y)*16. Is 15 a factor of 2*(-12)/d*-14?
False
Let k be (0 + 1)/(8/24). Suppose -2*l + 153 = q, 2*l - 7*l + k*q = -399. Is l even?
True
Let w be 4/4 + (-197)/(-1). Let p be 3/12 + w/(-24). Is 26 a factor of p/20*-2*(-180)/(-3)?
False
Let i(z) = z**3 + 36*z**2 - 17*z. Is 12 a factor of i(9)?
True
Let k(j) = -234*j - 4953. Is k(-52) a multiple of 39?
True
Let f(b) = -b**2 - 3*b + 18. Let s be f(-6). Suppose 2*y - 4*u = s, 2*u = -4*y + y. Suppose c - 14 - 22 = y. Is 6 a factor of c?
True
Let f(r) = -r**2 - 67*r + 1924. Does 79 divide f(-81)?
True
Suppose 2*r = 5*y + 18184 + 31078, -5*y = 2*r - 49202. Is r a multiple of 17?
True
Is 55*88/(-484)*738/(-1) a multiple of 205?
True
Suppose 205 = -3*q + 172. Let p(w) = 4*w**2 + 13*w + 5. Is p(q) a multiple of 31?
False
Suppose 156*y + 7660 = 146*y. Let u = -542 - y. Is u a multiple of 28?
True
Let k(p) = 29*p**3 - 13*p**2 + 18*p - 1. Is k(6) a multiple of 61?
False
Suppose z - 71998 = -5*j, -5*j + 41416 = 5*z - 30594. Is 11 a factor of j?
True
Let f be (30415/(-21) - 1)/(4/6). Let p = 3747 + f. Is 101 a factor of p?
False
Suppose -2*w = 28*j - 26*j - 1128, -3*j = -5*w + 2812. Let s = w - 435. Does 11 divide s?
False
Is 4/114 - (-18104973)/19323 a multiple of 94?
False
Let c = -70 - -72. Suppose -2*j + 194 = 3*y, 0 = -3*y + c*j - 7*j + 197. Is y a multiple of 16?
True
Does 40 divide 2 + 60817 + (-305 - -326)?
True
Let g = 48818 + -27225. Is 25 a factor of g?
False
Let y = -741 - -741. Suppose y = 34*d - 5266 - 21254. Is d a multiple of 30?
True
Let h = -812 + 484. Let m = 416 + h. Does 13 divide m?
False
Let r be (-9)/90*-16369 - (-1)/10. Suppose 3*v - r = -2*l - 37, -2124 = -4*v + 2*l. Does 7 divide v?
True
Let g be 24/(-6) + -1 + -4043. Does 13 divide g/(-110)*(-2)/((-2)/5)?
False
Let s(y) = 1472*y**2 + y - 1. Suppose -2*d = 0, 2*v - 3*v + d = -1. Let g be s(v). Suppose 20*x - 12*x = g. Does 46 divide x?
True
Let u(b) = -3*b**3 + 5*b**2 - 12*b + 12. Let s(h) = -h**3 + h**2 - 2*h + 2. Let r be s(2). Is u(r) a multiple of 85?
False
Let y = -5752 + 9235. Is 40 a factor of y?
False
Is 15 a factor of (1 - 6536/(-32))/((-12)/(-144))?
False
Let s = 12411 + -10511. Does 4 divide s?
True
Let w(c) = -6*c + 41*c - 38 - 121 + 28. Is w(6) a multiple of 6?
False
Let p(a) be the first derivative of -12*a**4 - 7*a**3/3 + a**2 + 8*a - 54. Is 9 a factor of p(-2)?
True
Suppose -2*u = -3*u + 243. Let h = 271 - u. Is h a multiple of 2?
True
Is 180/21*(-54 + 453) even?
True
Let t be 22/(4*(-3)/(-6) + 0). Let v be (-75)/t + (-16)/88. Let l(n) = -n + 3. Is 3 a factor of l(v)?
False
Suppose 0 = -3*b + 5*x + 3225, -4*b + 4323 = x - 0*x. Suppose -98*l + 93*l = -b. Is 8 a factor of l?
True
Suppose 0 = 5*z + x - 9840, 0 = 2*z + 2*x + x - 3949. Is z a multiple of 82?
False
Suppose 0 = -23*k + 259*k - 326860. Does 7 divide k?
False
Let i be (-3)/((-30)/(-25)) + 11/2. Let k be 11/55 + 24/5. Suppose -i*w = k*w - 352. Is w a multiple of 22?
True
Suppose 5*g + 2*g - 2240 = 0. Suppose 0 = 3*m - 4*x + g, x = 3*m + m + 418. Let d = m - -240. Does 15 divide d?
False
Let l = 26 + 0. Suppose 0*f + 33 = 4*f - 5*g, -2*g = 4*f - l. Is 7 a factor of 4 + (80/f)/(-4)*-7?
False
Let y be -27*1*(-1)/3. Suppose -4*a + w - 5*w = -1000, 3*a + 4*w = 750. Suppose -y*t + a = 61. Is 7 a factor of t?
True
Let d(v) = -v**2 + 13*v - 12. Let i be d(12). Suppose i = k + 11 - 34. Suppose -3*x + 25 = 4*a - k, -2*a = 5*x - 80. Is x even?
True
Let z(j) = 2*j**3 - j**2 + 3*j - 2. Let n be z(1). Suppose 2*x + 4*a = 44, -x + n*x + 3*a = 21. Suppose x = -10*i + 13*i. Does 3 divide i?
False
Suppose 8573*t - 8565*t - 98208 = 0. Does 124 divide t?
True
Let p(q) = 18*q**2 + 3*q - 7. Suppose 4*u - 2*t - 15 = 7, 19 = -2*u - 5*t. Let o be p(u). Suppose d = -4*f + 285, 5*f + 5*d - 211 = o. Is f a multiple of 14?
True
Let u(x) = -96*x - 128. Let w be -1 + (2 - -5)/1 + -11. Does 31 divide u(w)?
False
Suppose 64*g = 65*g - 2. Suppose 0 = -g*c + 5*z + 391, -c + 5*z + 970 = 4*c. Is c a multiple of 7?
False
Suppose 4*w = -t + 123, 5*w - 243 + 91 = -3*t. Let m = 35 - w. Suppose m*a + 0*a - 2*k = 434, -3*k = 4*a - 429. Is 27 a factor of a?
True
Suppose 393*i - r = 398*i - 138998, 2*i - 55567 = -5*r. Is 42 a factor of i?
False
Let s(h) = -40*h + 1655. Does 75 divide s(-94)?
False
Let j(a) = 2*a**2 - 3*a. Let k be j(4). Suppose -11*g = -6*g - k. Suppose 72 = g*l - 2*b - 48, 0 = 5*l + 5*b - 135. Is l a multiple of 5?
False
Suppose 3*r + 5*w + 41 = -0*w, 4*w - 32 = 3*r. Does 24 divide (-47 - -18)/(2/r)?
False
Is 68 a factor of 858/(-10)*(-24215)/87?
False
Is (-515)/(-412)*(1580 + 0) a multiple of 18?
False
Let r = 4389 - 1590. Is 8 a factor of r?
False
Suppose 0 = -3*a - 2*a + 49220. Suppose -11*i + a = 2144. Is 20 a factor of i?
True
Suppose -2101 = -9*p + 6485. Suppose p = 9*t - 963. Does 96 divide t?
False
Let u(n) be the first derivative of 3*n**2 + 104*n + 18. Is u(40) a multiple of 4?
True
Suppose 6762 + 1686 = -8*d. Let g = -421 - d. Is g a multiple of 9?
False
Let b(f) = -f**2 + 12*f - 19. Let g be b(3). Suppose -13*r + 790 = -g*r. Let d = r - 93. Is 47 a factor of d?
False
Let j be (6 - 2 - -4)*(-125)/(-10). Let m = 139 - j. Is m a multiple of 13?
True
Suppose 7*t = 26 + 2. Suppose -36 = t*l - 13*l. Suppose 0 = -l*j - 6*j + 2340. Does 41 divide j?
False
Suppose 306 = -110*l + 112*l. Suppose -197 = -4*j - v, 4*j - 53 - l = 2*v. Is j a multiple of 10?
True
Suppose -4*o = -32*o + 163464. Suppose 15*c - 21168 = -o. Does 20 divide c?
False
Let h = -60 + 25. Let d = -27 - h. Suppose 641 = d*r - 375. Is 32 a factor of r?
False
Let p(c) = -8*c - 29. Let h be p(-4). Suppose -5*b - 3*s + 410 = 0, h*s - 328 = 13*b - 17*b. Is b a multiple of 19?
False
Suppose -5*c - 2*p + 7 = -34, -2*p = 2*c - 20. Suppose 0 = -c*y + 5*y + 378. Does 9 divide y?
True
Let i be (220/77)/((-4)/(-14)). Suppose -6*c - 652 = -i*c. Is c a multiple of 17?
False
Suppose -853 = -4*g - 5*t, 10*g - 217 = 9*g - 2*t. Is 4 a factor of g?
False
Let i(j) = j**2 - j. Let s(z) = -5*z**2 + 4*z + 5. Let p(w) = 2*i(w) - s(w). Suppose 5*l + 22 = 4*k, 0 = -5*k + 18*l - 20*l - 22. Is p(k) a multiple of 35?
True
Let b(l) = -l + 173. Suppose -7 = 4*z - 27, 3*q + 139 = 2*z. Is 11 a factor of b(q)?
False
Let a = -75 - -78. Suppose 4*b + 5*w - a = 5*b, -5*w + 7 = b. Suppose -b*m - 7*f + 2*f + 122 = 0, -5*m + 5*f + 270 = 0. Does 9 divide m?
False
Suppose 0 = 76*k + 82*k - 171*k + 527540. Is 27 a factor of k?
False
Let j(u) = 2*u**3 + 42*u**2 + 18*u - 5. Let o be j(-20). Suppose -81 = -k + 2*t, 2*k + 3*k + 5*t - o = 0. Is k a multiple of 7?
False
Let h = 166 - 166. Suppose -7*f + 1309 + 154 = h. Does 19 divide f?
True
Let v = -80 + 143. Let d be (v/(-21))/(6/(-10)). Suppose 0 = -d*p + 10, 45 = 4*c + 3*p - 13. Is 4 a factor of c?
False
Let g(b) = b + 13. Let c be g(7). Let v = 20 - c. Is 3 a factor of 19 + (-2 - (-4 - v))?
True
Let u(s) = -11*s**3 - 6*s**2 - 2*s - 10. Let f be u(-5). Suppose -5*o + f = 20*o. Is 36 a factor of o?
False
Let u = 3454 - -2239. Is 14 a factor of u?
False
Let r(g) = -g - 1. Let a(f) = -3*f**2 + 5*f - 25. Let c(i) = -a(i) + 5*r(i). Is c(4) even?
True
Let k(q) = -15*q - 110. Let g(